
Let f(x) = -x**3 - 15*x**2 - 2. Let c be 386/(-26) + 4/(-26). Let r be f(c). Let h(l) = l**2 - 2*l - 1. Give h(r).
7
Let h(q) = q**2 - q - 7. Let t = 15 - 14. Let m be (-2 + 6/3)/((-2)/t). What is h(m)?
-7
Let v(w) = 0*w**2 + 5*w - w**3 + 1 + 3*w - 6*w + 2*w**2. Suppose -a = 3*i + 7 + 2, -i - 7 = -a. Suppose q = -2*q - a. What is v(q)?
2
Let g(j) be the first derivative of -j**2 - j + 1. Suppose -4*m = -0*m + 4*d + 12, -2*m - 14 = -2*d. Let t be m - 2/(-3)*3. What is g(t)?
5
Let h be -5 - (-3 + 8)/(-3 + 2). Let c(r) be the third derivative of 1/10*r**5 - r**2 - 7/24*r**4 + 1/2*r**3 + 0 + h*r + 1/120*r**6. Determine c(-7).
3
Suppose 0 = 8*q - 4*q - 24. Let x(c) = -12 + q - 7*c - c**2 + 10. Calculate x(-9).
-14
Let y(w) = -w**2 + 3*w + 5. Let q = -1400 - -1403. Let h(c) = c**3 + 3*c**2 - 4*c - 1. Let r be h(-4). Let j = q - r. Give y(j).
1
Let a(q) = -q**3 - 8*q**2 - 12*q + 1. Let m be a(-6). Let u(z) = 3*z. Calculate u(m).
3
Suppose 12*r - 6 = 13*r. Let q(m) = -m**2 - 5*m. Calculate q(r).
-6
Let n(k) = -2*k + 9. Let f = 50 - 23. Let j = -23 - -2. Let i = f + j. Determine n(i).
-3
Let y(u) = -3*u**2 + 3*u - 2. Let j = 46 + 32. Suppose g - j = -76. Calculate y(g).
-8
Let w(z) be the second derivative of z**4/12 - 5*z**3/2 + 7*z**2 - 5*z - 1. Determine w(12).
-22
Let z(c) = 387*c - 192*c + c**2 - 3*c**3 - 2 - 196*c - 4*c**2. Give z(-2).
12
Let w(c) = 164*c - 817. Let z be w(5). Let k(n) be the first derivative of -2*n**2 + 4*n - 1. What is k(z)?
-8
Let s(h) be the second derivative of h**5/20 + 3*h**4/4 + h**3/6 + 11*h**2/2 + 14*h. Let p = 47 + -56. Give s(p).
2
Let w(i) = -3*i**2 + i**3 + 1362 - 1362 + 3*i. Let v be (-3)/(-3) - (-4)/2. What is w(v)?
9
Let d(b) = -2 + 18 - 13 - 5 - 7*b. What is d(-4)?
26
Suppose -2*a - 2*d = 0, -a + 5*d = 4*d + 2. Suppose -3*n + 7 = 4*n. Let j(p) = -p. Let b(i) = -3*i - 1. Let w(g) = n*b(g) + 3*j(g). Give w(a).
5
Let u(t) = -6*t**2 - 155*t + 16. Let w be u(-26). Let l(f) = -f - 20. Calculate l(w).
-10
Let s(b) = -b**2 + 4*b + 5. Let q be 13/4 + (-252)/(-336). Determine s(q).
5
Let c(m) = 2*m. Let l = -161 - -151. What is c(l)?
-20
Let y(r) be the third derivative of 3*r**6/40 + r**4/12 - r**3/6 + r**2. Suppose -13*v - 711 + 724 = 0. Give y(v).
10
Let b(s) = s**2 + s + 1. Suppose k + 198 = -5*k. Let r = -33 - k. Determine b(r).
1
Let t(j) be the third derivative of j**6/120 - j**5/10 + j**4/24 + 580*j**2 + 2*j. Calculate t(5).
-20
Let z(y) = -105*y**2 + 99*y**2 - 5 + 4 - 10*y. Let s(u) = -u**2 - u + 1. Let o(p) = 5*s(p) - z(p). What is o(-5)?
6
Suppose 0 = 4*n - 27*n - 23. Let y(q) = 29*q**2 + q. Give y(n).
28
Let m(r) = -r**3 + 6*r**2 + 4*r + 5. Let i be (36*(-9)/(-180))/(3/10). Determine m(i).
29
Let i be 10*7/70*9*1. Let m(t) = t**2 - 6*t - 7. What is m(i)?
20
Let i(n) be the second derivative of n**5/20 + 2*n**4/3 + 4*n**3/3 + 2*n**2 - 5*n. Suppose -4*q - 35 = q. Let h be i(q). Let m(b) = -b - 3. Give m(h).
0
Let a(m) = -m**3 + 3*m - 1. Suppose -2*g + 17 = 5*k, k - 11 = 3*g + 6. Calculate a(g).
51
Let k(r) be the second derivative of r**4/12 + r**3 + 20*r. Determine k(-6).
0
Let f(z) be the first derivative of -5*z**4/4 + z**3/3 - z**2/2 + 1. Suppose 3*n = 11 - 2. Suppose -6 = -n*y, -5*b + 3*y - 1 = -0. Determine f(b).
-5
Let m be 10 + (-2)/((-4)/(-40)*4). Let x(z) = -z**3 + 6*z**2 - 6*z - 2. What is x(m)?
-7
Let c(k) be the third derivative of k**7/5040 + k**5/12 + 11*k**2. Let p(x) be the third derivative of c(x). What is p(0)?
0
Let o(s) = s**2 - 1. Suppose 3*v + 0 = 15. Let y(z) = z**3 - 6*z**2 - z + 6. Let q(r) = v*o(r) + y(r). Calculate q(-2).
-9
Suppose -n + 40 = 37. Let h(b) = 1 - b + n*b + 6 - 1. Calculate h(-5).
-4
Let f(j) be the first derivative of -j**5/20 + j**4/3 - 2*j**3/3 + j**2/2 - 32*j + 36. Let s(n) be the first derivative of f(n). What is s(3)?
-2
Suppose -d - 9*g = -6*g - 5, 0 = 4*d + 5*g - 20. Let f(a) = -a**3 + 5*a**2 + 4*a + 1. Give f(d).
21
Suppose 204 = -20*b - 16. Let g(t) = t**2 + 9*t - 10. Calculate g(b).
12
Let d(r) = -r**2 + 5*r - 3. Let a be (-228)/(-39) - 2/(-13). Calculate d(a).
-9
Let f(b) = b - 6. Let m be (-32)/(-5) - 3/(-5). Suppose 5*z + 22 = 3*k, 5*k - 2*z + m*z = 10. Let d be ((-2)/k)/(2/(-12)). Calculate f(d).
-3
Let z(i) = -106752 - 6*i + 2*i + 106747. What is z(-2)?
3
Let x(v) = -4*v + v**3 + 85*v**2 + 0*v + 3 - 86*v**2. Give x(1).
-1
Let t(d) = -15*d - 28*d - 6 - 19*d + 54*d. What is t(-6)?
42
Let v be ((-20)/(-28) - 1)*70/(-5). Let i(d) be the second derivative of -1/20*d**5 - 1/6*d**3 + 0 + 0*d**2 - 4*d - 1/4*d**v. What is i(-2)?
-2
Suppose -27 = 4*v + 5. Let p(n) = 2*n - 11. Let u = 27 + -24. Let l(s) = -5*s + 23. Let y(i) = u*l(i) + 7*p(i). Give y(v).
0
Let f(p) = p**2 - 18*p + 6. Suppose -4*j + 72 = 4*w, -2*w = j - 33 - 3. Determine f(w).
6
Let c(z) be the third derivative of -z**8/20160 - z**7/840 + z**6/360 + z**5/6 - 9*z**2. Let x(d) be the third derivative of c(d). Calculate x(-5).
7
Let r(p) be the second derivative of -p**8/6720 - p**7/630 - p**5/40 - 5*p**4/12 - 8*p. Let q(t) be the third derivative of r(t). What is q(-4)?
-3
Let z(h) be the third derivative of -h**5/60 - 7*h**4/12 - 17*h**3/6 + 513*h**2. Give z(-12).
7
Let u(z) = z**3 - 2*z**2 - 3*z + 3. Let y(l) = -3*l**2 + 6*l + 5. Let x(p) = -13*p**2 + 24*p + 21. Let n(o) = -2*x(o) + 9*y(o). Let t be n(6). Calculate u(t).
3
Let b(j) = j**3 + 2*j**2 - 2*j + 3. Suppose -24*h - 138 = -23*h. Let d = 135 + h. What is b(d)?
0
Let i(q) = q**2 + 9*q + 6. Suppose 2*n + 18 = -c, -6*n + 3*n + 9 = -3*c. Give i(c).
-2
Let z(m) = -m. Let y be z(-6). Let q(w) = 6*w**2 - 9*w + 9. Let a be q(1). Let f(s) = 24 - 4*s - 25 - s + a*s - y*s**2. Give f(1).
-6
Suppose 5*j = -5*c - 42 + 72, 42 = 4*c - 5*j. Let q(d) = d**3 - 7*d**2 - 5*d - 8. Determine q(c).
16
Let k(x) be the second derivative of -x**4/6 + x**3/6 - x**2/2 + 65*x. What is k(-3)?
-22
Let l(n) = -33*n - 44. Let u(j) = 11*j + 15. Let w(y) = -3*l(y) - 8*u(y). Let b(s) = -2*s - 2. Let a(c) = -34*b(c) - 6*w(c). Determine a(5).
6
Suppose -55*l + 7 = -62*l. Let f(a) be the second derivative of a**5/5 - a**2/2 - 2*a. Determine f(l).
-5
Let v(b) be the first derivative of -5/6*b**3 + 2*b**2 + 1/24*b**4 + 4 + 0*b. Let u(t) be the second derivative of v(t). Determine u(5).
0
Let z(r) = 0*r + 6 - r + 0*r. Let c(a) = -3*a**2 - 21*a + 24. Let t be c(-8). Calculate z(t).
6
Let p(t) = -t**2 + 51*t + 155. Let b be p(54). Let f(s) = s**3 + 7*s**2 + 3*s + 29. Determine f(b).
8
Suppose 0 = 26*f + 98 + 84. Let j(w) = w + 5. Determine j(f).
-2
Suppose 0 = 303*s - 300*s - 36. Suppose 2*y - 7 = -3*c + 9, -4*c + s = -2*y. Let o(j) = -j**2 + j + 1. Give o(y).
-1
Let q be (-1)/2*(10 + 4). Let b(n) = n**2 - n. Let a(r) = -r**3 - 3*r**2 - 4*r - 2. Let z(d) = -a(d) + 4*b(d). What is z(q)?
2
Let y = 1 + -1. Let p(u) = -7*u - 3. Let n be 63/(-12) + 8/32. Let a(w) = 3*w + 1. Let r(v) = n*a(v) - 2*p(v). Determine r(y).
1
Let q(h) = 404*h + 3 + 415*h + h**2 + 36 - 817*h. Give q(0).
39
Let b(n) = n**3 - 8*n**2 + 12*n + 3. Let h be b(6). Let w(l) = 2*l + 2. Give w(h).
8
Let o(j) = 2*j**2 + 2*j - 9. Suppose 19*v = 2 + 36. What is o(v)?
3
Suppose 4*m + 4 = 24. Let d(v) = 4*v - 4. Let b(t) = -17*t + 19. Let h(o) = 2*b(o) + 9*d(o). What is h(m)?
12
Let x(z) = -1. Let c(a) = -a**3 - 6*a**2 + 2*a + 6. Let j(v) = c(v) + 4*x(v). Determine j(-6).
-10
Let n(z) = 2*z**2 + 3 - 3*z**2 + 0 + 2*z**2 - 6*z. Let r(y) = -139*y + 421. Let x be r(3). What is n(x)?
-5
Let y be 66/11 + (0 - 0). Suppose -6*z + 12*z = y. Let c(t) = -4*t - 1. Calculate c(z).
-5
Let a(p) be the first derivative of p**2/2 + 5*p - 1. Let b(g) = g + 47. Let w be b(-41). Determine a(w).
11
Let t be 1 + -3*(-5)/15. Let b(n) = -2 + 3 - 2*n**2 + 0 + n**t. What is b(-1)?
0
Let z(y) = 14*y - 9. Let i(a) = 33*a - 19. Let o(b) = 3*i(b) - 7*z(b). Let j(n) = -2*n - 4. Let t be j(3). What is o(t)?
-4
Let k(n) = 5*n**3 - 7*n**2 + 6*n - 5. Let s(x) = x**3 - x**2 + x - 1. Let p(d) = -k(d) + 4*s(d). Let t be (-3 + 4)*3*1. What is p(t)?
-5
Let c(t) = -3*t - 9. Let i(u) = -u**2 + 25*u - 106. Let w be i(5). What is c(w)?
9
Let z(b) = b**3 - 3*b**2 - 3*b + 4. Let l be z(3). Let m = 9 - 3. Let q(u) = -2*u**3 - 35 + 3*u + 3*u**3 + m*u**2 + 36. What is q(l)?
11
Let u(p) = 2*p**2 + 5*p. Let n(x) = -x**2 - 1. Let r(g) = g**3 - 2*g**2 + 2*g - 3. Let k be r(2).